 514763 a prime number?
False
Is 119507 a prime number?
False
Is 70253 composite?
True
Is 21941 a composite number?
True
Is 23839 a prime number?
False
Is 61763 prime?
False
Is 2289401 a composite number?
False
Is 2120611 prime?
True
Is 118747 composite?
False
Is 204233 prime?
True
Is 239771 prime?
False
Is 29929 a prime number?
False
Is 339 a composite number?
True
Is 1466533 a composite number?
False
Is 591667 composite?
True
Is 12097 prime?
True
Is 120113 prime?
False
Is 156319 prime?
True
Is 33809 prime?
True
Is 876067 prime?
True
Is 26569 composite?
True
Is 15937 composite?
False
Is 47759 a composite number?
True
Is 64871 prime?
True
Is 23395 composite?
True
Is 119 composite?
True
Is 94291 a prime number?
True
Is 446111 composite?
False
Is 43073 a prime number?
False
Is 1337 prime?
False
Is 62461 a prime number?
False
Is 168326 a prime number?
False
Is 1713097 a composite number?
True
Is 24907 prime?
True
Is 37615 prime?
False
Is 1926767 composite?
False
Is 17723 composite?
True
Is 1117 a composite number?
False
Is 203761 prime?
True
Is 46021 a prime number?
True
Is 104933 a prime number?
True
Is 365411 a prime number?
True
Is 171529 a composite number?
False
Is 404485 a prime number?
False
Is 10029 a composite number?
True
Is 245309 a prime number?
False
Is 454379 prime?
True
Is 215483 composite?
False
Is 29461 composite?
True
Is 27689 prime?
True
Is 22343 a composite number?
False
Is 199309 composite?
True
Is 50989 a composite number?
False
Is 1424273 a prime number?
False
Is 12821 a composite number?
False
Is 29101 a prime number?
True
Is 6458 a composite number?
True
Is 63739 composite?
True
Is 705491 composite?
False
Is 12671 composite?
False
Is 331 a prime number?
True
Is 7753 a prime number?
True
Is 125781 prime?
False
Is 355679 composite?
False
Is 2172817 prime?
True
Is 50989 composite?
False
Is 43235 prime?
False
Is 47389 composite?
False
Is 150313 prime?
False
Is 220621 composite?
True
Is 193649 a composite number?
False
Is 32101 a prime number?
False
Is 282767 prime?
True
Is 159437 a composite number?
False
Is 25931 a composite number?
False
Is 36143 a prime number?
False
Is 1310911 a composite number?
True
Is 46087 a prime number?
False
Is 280729 a composite number?
False
Is 8859 a prime number?
False
Is 104281 a composite number?
False
Is 8263 a composite number?
False
Is 83557 prime?
True
Is 19889 composite?
False
Is 743 composite?
False
Is 16559 prime?
False
Is 736663 composite?
True
Is 257453 a prime number?
False
Is 86381 prime?
True
Is 163451 a prime number?
False
Is 789629 a composite number?
True
Is 15883 composite?
True
Is 75265 prime?
False
Is 2972461 composite?
True
Is 104099 a composite number?
True
Is 69371 composite?
False
Is 10007 a prime number?
True
Is 3493 composite?
True
Is 4573 prime?
False
Is 839 a prime number?
True
Is 44093 a composite number?
True
Is 370813 composite?
False
Is 170957 a prime number?
True
Is 142189 composite?
False
Is 30971 prime?
True
Is 88045 prime?
False
Is 3109 composite?
False
Is 1406338 a prime number?
False
Is 2031 a composite number?
True
Is 277531 a prime number?
True
Is 11035 prime?
False
Is 838753 a composite number?
True
Is 26921 a composite number?
False
Is 186869 a composite number?
False
Is 2134689 composite?
True
Is 259819 composite?
True
Is 1876729 a prime number?
False
Is 141209 a composite number?
False
Is 1439 a prime number?
True
Is 252281 a composite number?
True
Is 43871 a prime number?
False
Is 28789 a composite number?
False
Is 117879 a composite number?
True
Is 865405 a prime number?
False
Is 247951 a prime number?
False
Is 7217 prime?
False
Is 380731 a prime number?
False
Is 222279 a prime number?
False
Is 226181 prime?
False
Is 6593 composite?
True
Is 7603 a prime number?
True
Is 23189 a composite number?
False
Is 83647 composite?
True
Is 174821 a composite number?
False
Is 29899 composite?
True
Is 2792417 composite?
True
Is 11031 a composite number?
True
Is 1531694 prime?
False
Is 3318911 composite?
False
Is 66499 composite?
False
Is 120895 a prime number?
False
Is 14078 prime?
False
Is 540677 composite?
False
Is 249929 a composite number?
True
Is 7532297 prime?
True
Is 1033529 prime?
False
Is 211 a composite number?
False
Is 31 a composite number?
False
Is 81877 prime?
False
Is 25439 a composite number?
False
Is 67713 a prime number?
False
Is 29819 a prime number?
True
Is 5897 a composite number?
False
Is 65663 a prime number?
False
Is 9977 a prime number?
False
Is 23189 composite?
False
Is 1091209 a prime number?
False
Is 293489 a composite number?
True
Is 172001 a composite number?
False
Is 50891 prime?
True
Is 50353 composite?
True
Is 76303 prime?
True
Is 1931 prime?
True
Is 369947 prime?
True
Is 1113863 a prime number?
True
Is 153983 a prime number?
False
Is 185209 a prime number?
False
Is 377537 a composite number?
False
Is 1931617 prime?
False
Is 10967 composite?
True
Is 133691 composite?
False
Is 518845 composite?
True
Is 43661 a prime number?
True
Is 80429 a composite number?
False
Is 164231 composite?
False
Is 1361 prime?
True
Is 30017 a prime number?
False
Is 32947 a composite number?
True
Is 214391 a composite number?
False
Is 147737 prime?
False
Is 31439 prime?
False
Is 470689 composite?
False
Is 226397 a composite number?
False
Is 6421 composite?
False
Is 293019 composite?
True
Is 558643 prime?
True
Is 89663 composite?
True
Is 381 a prime number?
False
Is 1561 a composite number?
True
Is 38797 a prime number?
False
Is 22109 a prime number?
True
Is 414841 composite?
True
Is 217121 composite?
False
Is 44677 a composite number?
True
Is 138679 prime?
True
Is 383953 prime?
False
Is 209995 prime?
False
Is 59507 composite?
True
Is 21943 composite?
False
Is 309743 a prime number?
False
Is 137285 composite?
True
Is 60833 prime?
False
Is 3103 a prime number?
False
Is 24019 prime?
True
Is 8803 prime?
True
Is 84421 composite?
False
Is 10033 prime?
False
Is 323387 a prime number?
False
Is 9745 prime?
False
Is 1901 a prime number?
True
Is 148919 prime?
False
Is 5674 a composite number?
True
Is 1089161 a prime number?
True
Is 7985 a prime number?
False
Is 19802 composite?
True
Is 186809 a composite number?
True
Is 21259 composite?
True
Is 36299 prime?
True
Is 94033 composite?
False
Is 645877 prime?
True
Is 1481 a composite number?
False
Is 47041 a composite number?
False
Is 4201 a prime number?
True
Is 41483 a prime number?
False
Is 3779149 a prime number?
False
Is 12781 a composite number?
False
Is 125761 composite?
True
Is 15986 composite?
True
Is 126631 a composite number?
False
Is 20851 prime?
False
Is 49483 a prime number?
False
Is 2365133 a composite number?
True
Is 221047 a prime number?
True
Is 958535 prime?
False
Is 138053 prime?
True
Is 203689 a prime number?
False
Is 2719 a prime number?
True
Is 41253 a prime number?
False
Is 337099 a composite number?
True
Is 150781 a composite number?
True
Is 31549 prime?
False
Is 15013 a prime number?
True
Is 6353 prime?
True
Is 489239 a composite number?
False
Is 208433 a composite number?
False
Is 5597 prime?
False
Is 6847 prime?
False
Is 44351 prime?
True
Is 262819 prime?
True
Is 1856713 a composite number?
False
Is 48157 a prime number?
True
Is 312257 a prime number?
False
Is 459113 prime?
True
Is 509669 prime?
False
Is 11107 composite?
True
Is 12659 a prime number?
True
Is 2939 a prime number?
True
Is 71913 composite?
True
Is 9229 a prime number?
False
Is 73417 composite?
False
Is 4861 prime?
True
Is 1785871 a composite number?
True
Is 11243 a prime number?
True
Is 169259 a composite number?
False
Is 338497 a composite number?
False
Is 39749 composite?
False
Is 2417 a prime number?
True
Is 1308623 prime?
False
Is 339973 a prime number?
False
Is 727903 composite?
True
Is 50627 composite?
False
Is 55409 a composite number?
True
Is 1361 a composite number?
False
Is 155247 a composite number?
True
Is 1693 composite?
False
Is 9431 prime?
True
Is 1831282 composite?
True
Is 38431 composite?
False
Is 169429 composite?
True
Is 26249 a prime number?
True
Is 1211209 a composite number?
True
Is 30307 a prime number?
True
Is 81407 prime?
False
Is 4667 composite?
True
Is 25589 a composite number?
False
Is 9445 a prime number?
False
Is 497 composite?
True
Is 126257 composite?
False
Is 14095 a composite number?
True
Is